of 49425281?
49425281
List the prime factors of 1157674828.
2, 289418707
List the prime factors of 176309244.
2, 3, 17, 109, 881
What are the prime factors of 362852255?
5, 23, 41, 1877
List the prime factors of 209158705.
5, 7, 31, 27539
What are the prime factors of 1424510851?
1424510851
List the prime factors of 2876189907.
3, 71, 13503239
List the prime factors of 63592449.
3, 19, 1115657
List the prime factors of 1307950415.
5, 261590083
What are the prime factors of 773645716?
2, 2383, 81163
What are the prime factors of 69745261?
29, 149, 16141
List the prime factors of 38494889.
4603, 8363
What are the prime factors of 1311213791?
17, 233, 331031
List the prime factors of 71350719.
3, 11, 19, 113797
List the prime factors of 21946290.
2, 3, 5, 101, 7243
List the prime factors of 3787157390.
2, 5, 6959, 54421
List the prime factors of 1040519308.
2, 373, 697399
List the prime factors of 120109940.
2, 5, 6005497
List the prime factors of 298330213.
298330213
List the prime factors of 412919233.
137, 3014009
What are the prime factors of 112587037?
4783, 23539
List the prime factors of 900521829.
3, 23, 4350347
List the prime factors of 101171367.
3, 11, 61, 1523
What are the prime factors of 36375154?
2, 61, 298157
What are the prime factors of 2044469736?
2, 3, 28395413
List the prime factors of 1320335696.
2, 82520981
List the prime factors of 2156549238.
2, 3, 59, 676883
List the prime factors of 152838235.
5, 11, 2778877
List the prime factors of 7539132.
2, 3, 628261
What are the prime factors of 1540742656?
2, 31, 97073
What are the prime factors of 39826154?
2, 181, 110017
List the prime factors of 473186393.
19, 24904547
What are the prime factors of 413541829?
31, 443, 30113
List the prime factors of 136890780.
2, 3, 5, 13, 223, 787
List the prime factors of 582197198.
2, 11, 17, 631, 2467
What are the prime factors of 76779993?
3, 433, 59107
What are the prime factors of 959408849?
7, 347, 394981
List the prime factors of 1395055002.
2, 3, 11, 71, 297707
What are the prime factors of 274752720?
2, 3, 5, 11, 113, 307
List the prime factors of 25331239.
29, 223, 3917
List the prime factors of 6133561172.
2, 17, 31, 2909659
List the prime factors of 725479820.
2, 5, 13, 214639
What are the prime factors of 1163792877?
3, 13, 59, 505777
List the prime factors of 816899181.
3, 7, 17, 1223, 1871
List the prime factors of 179001128.
2, 19, 61981
List the prime factors of 1663550563.
6373, 261031
List the prime factors of 4561283824.
2, 23, 43, 47, 6133
What are the prime factors of 73362455?
5, 83, 176777
List the prime factors of 31716271.
17, 229, 8147
List the prime factors of 6987011.
1693, 4127
List the prime factors of 22752658.
2, 23, 601, 823
List the prime factors of 161041217.
1109, 145213
List the prime factors of 5931238.
2, 1361, 2179
What are the prime factors of 587927764?
2, 107, 641, 2143
What are the prime factors of 19170088?
2, 7, 19, 43, 419
List the prime factors of 147049622.
2, 73524811
List the prime factors of 69334360.
2, 5, 29, 59771
What are the prime factors of 64821161?
487, 133103
List the prime factors of 137119319.
67, 239, 8563
What are the prime factors of 1412093597?
1412093597
List the prime factors of 2447907865.
5, 13, 37660121
List the prime factors of 80731908.
2, 3, 137, 16369
List the prime factors of 75623663.
31, 59, 173, 239
List the prime factors of 884088491.
11, 13, 439, 14083
What are the prime factors of 58234858?
2, 11, 2647039
List the prime factors of 134179790.
2, 5, 563, 23833
What are the prime factors of 23060115?
3, 5, 13, 39419
What are the prime factors of 84173116?
2, 19, 53, 20897
List the prime factors of 4264991987.
4264991987
List the prime factors of 590267374.
2, 149, 1980763
What are the prime factors of 115894398?
2, 3, 19315733
What are the prime factors of 473328742?
2, 71, 3333301
What are the prime factors of 317473302?
2, 3, 52912217
What are the prime factors of 15077853?
3, 7, 79777
What are the prime factors of 904860221?
1801, 502421
List the prime factors of 2093525256.
2, 3, 87230219
What are the prime factors of 2746362870?
2, 3, 5, 1499, 20357
List the prime factors of 9829728.
2, 3, 31, 367
List the prime factors of 120903957.
3, 41, 547, 599
What are the prime factors of 8713075?
5, 7, 49789
What are the prime factors of 6655973999?
19, 43, 277, 29411
What are the prime factors of 607141460?
2, 5, 30357073
What are the prime factors of 45295601?
13, 19, 183383
List the prime factors of 157197942.
2, 3, 11, 264643
What are the prime factors of 45729406?
2, 4049, 5647
List the prime factors of 515247036.
2, 3, 42937253
List the prime factors of 4052602450.
2, 5, 13, 283, 22031
List the prime factors of 16307217.
3, 41, 14731
What are the prime factors of 32722000?
2, 5, 16361
List the prime factors of 32831070.
2, 3, 5, 733, 1493
List the prime factors of 103315841.
103315841
What are the prime factors of 2222159801?
19, 37, 103, 30689
List the prime factors of 14635549.
14635549
What are the prime factors of 240864456?
2, 3, 7, 1433717
List the prime factors of 3394874393.
29683, 114371
List the prime factors of 1604600616.
2, 3, 19, 331, 10631
List the prime factors of 823931917.
103, 7999339
List the prime factors of 77431130.
2, 5, 7, 1106159
What are the prime factors of 466209319?
41, 11370959
What are the prime factors of 439137764?
2, 13, 8444957
List the prime factors of 1162647271.
1162647271
What are the prime factors of 4663147445?
5, 11, 97, 9011
List the prime factors of 206387100.
2, 3, 5, 43, 5333
List the prime factors of 41699682.
2, 3, 1021, 2269
What are the prime factors of 16780519?
7, 2397217
What are the prime factors of 3352614370?
2, 5, 7, 17, 109, 25847
What are the prime factors of 1641960777?
3, 23, 163, 145991
List the prime factors of 12286495.
5, 13, 17, 11119
List the prime factors of 807968115.
3, 5, 1994983
List the prime factors of 2624935963.
13, 201918151
List the prime factors of 1401680613.
3, 1039, 449689
What are the prime factors of 131933578?
2, 7, 192323
List the prime factors of 150359867.
7, 29, 25541
List the prime factors of 40370091.
3, 31, 434087
List the prime factors of 1087122331.
239, 503, 9043
What are the prime factors of 476611050?
2, 3, 5, 31, 102497
List the prime factors of 402839988.
2, 3, 73, 89, 5167
List the prime factors of 2670848551.
7, 43, 8873251
List the prime factors of 1052186016.
2, 3, 7, 223679
What are the prime factors of 181080074?
2, 7, 12934291
What are the prime factors of 160778791?
160778791
List the prime factors of 1958586135.
3, 5, 11, 11870219
What are the prime factors of 71882940?
2, 3, 5, 1198049
What are the prime factors of 64725375?
3, 5, 11, 13, 17, 71
What are the prime factors of 165403330?
2, 5, 61, 263, 1031
List the prime factors of 162167540.
2, 5, 1861, 4357
List the prime factors of 24891732.
2, 3, 230479
List the prime factors of 67560959.
23, 59, 49787
What are the prime factors of 97579645?
5, 19515929
What are the prime factors of 86682065?
5, 17, 317, 3217
List the prime factors of 4820398651.
4820398651
What are the prime factors of 4747150?
2, 5, 19, 263
List the prime factors of 5646491702.
2, 32983, 85597
List the prime factors of 12827112.
2, 3, 17, 149, 211
List the prime factors of 89352634.
2, 7, 79, 80789
List the prime factors of 2498915244.
2, 3, 7, 43, 691837
What are the prime factors of 2720531363?
11, 247321033
What are the prime factors of 48834959?
19, 83, 173, 179
List the prime factors of 45681046.
2, 281, 81283
List the prime factors of 2518843788.
2, 3, 69967883
What are the prime factors of 50925775?
5, 103, 19777
What are the prime factors of 88779146?
2, 47, 269, 3511
What are the prime factors of 771816771?
3, 11, 827, 857
List the prime factors of 830745629.
7, 29, 4092343
List the prime factors of 9591539.
9591539
List the prime factors of 34709928.
2, 3, 11, 131477
List the prime factors of 769826236.
2, 5309, 36251
List the prime factors of 3457806952.
2, 432225869
What are the prime factors of 1010485720?
2, 5, 25262143
What are the prime factors of 42816702?
2, 3, 29, 246073
List the prime factors of 3243152548.
2, 9719, 83423
List the prime factors of 81280595.
5, 11, 433, 3413
List the prime factors of 103904